{"id":236,"date":"2021-10-22T18:04:41","date_gmt":"2021-10-22T16:04:41","guid":{"rendered":"https:\/\/aux-porcelaines-de-sylvie.mvh-site.fr\/?page_id=236"},"modified":"2023-10-05T09:33:03","modified_gmt":"2023-10-05T07:33:03","slug":"nouveaute","status":"publish","type":"page","link":"https:\/\/aux-porcelaines-de-sylvie.mvh-site.fr\/index.php\/nouveaute\/","title":{"rendered":"Nouveaut\u00e9"},"content":{"rendered":"\t\t<div data-elementor-type=\"wp-page\" data-elementor-id=\"236\" class=\"elementor elementor-236\">\n\t\t\t\t<div class=\"elementor-element elementor-element-5275c8a e-flex e-con-boxed e-con e-parent\" data-id=\"5275c8a\" data-element_type=\"container\" data-e-type=\"container\">\n\t\t\t\t\t<div class=\"e-con-inner\">\n\t\t\t\t<div class=\"elementor-element elementor-element-63d1006 elementor-widget elementor-widget-heading\" data-id=\"63d1006\" data-element_type=\"widget\" data-e-type=\"widget\" data-widget_type=\"heading.default\">\n\t\t\t\t<div class=\"elementor-widget-container\">\n\t\t\t\t\t<h1 class=\"elementor-heading-title elementor-size-default\">En cours de r\u00e9alisation<\/h1>\t\t\t\t<\/div>\n\t\t\t\t<\/div>\n\t\t\t\t\t<\/div>\n\t\t\t\t<\/div>\n\t\t<div class=\"elementor-element elementor-element-9a6a4b9 e-flex e-con-boxed e-con e-parent\" data-id=\"9a6a4b9\" data-element_type=\"container\" data-e-type=\"container\">\n\t\t\t\t\t<div class=\"e-con-inner\">\n\t\t<div class=\"elementor-element elementor-element-aa7da48 e-con-full e-flex e-con e-child\" data-id=\"aa7da48\" data-element_type=\"container\" data-e-type=\"container\">\n\t\t\t\t<div class=\"elementor-element elementor-element-a6b7cdd elementor-widget elementor-widget-image\" data-id=\"a6b7cdd\" data-element_type=\"widget\" data-e-type=\"widget\" data-widget_type=\"image.default\">\n\t\t\t\t<div class=\"elementor-widget-container\">\n\t\t\t\t\t\t\t\t\t\t\t\t<figure class=\"wp-caption\">\n\t\t\t\t\t\t\t\t\t\t<img fetchpriority=\"high\" decoding=\"async\" width=\"768\" height=\"1024\" src=\"https:\/\/aux-porcelaines-de-sylvie.mvh-site.fr\/wp-content\/uploads\/2023\/03\/IMG_4533-768x1024.jpg\" class=\"attachment-large size-large wp-image-317\" alt=\"\" srcset=\"https:\/\/aux-porcelaines-de-sylvie.mvh-site.fr\/wp-content\/uploads\/2023\/03\/IMG_4533-768x1024.jpg 768w, https:\/\/aux-porcelaines-de-sylvie.mvh-site.fr\/wp-content\/uploads\/2023\/03\/IMG_4533-225x300.jpg 225w, https:\/\/aux-porcelaines-de-sylvie.mvh-site.fr\/wp-content\/uploads\/2023\/03\/IMG_4533-1152x1536.jpg 1152w, https:\/\/aux-porcelaines-de-sylvie.mvh-site.fr\/wp-content\/uploads\/2023\/03\/IMG_4533.jpg 1536w\" sizes=\"(max-width: 768px) 100vw, 768px\" \/>\t\t\t\t\t\t\t\t\t\t\t<figcaption class=\"widget-image-caption wp-caption-text\">Voici un travail en cours de r\u00e9alisation<\/figcaption>\n\t\t\t\t\t\t\t\t\t\t<\/figure>\n\t\t\t\t\t\t\t\t\t<\/div>\n\t\t\t\t<\/div>\n\t\t\t\t<\/div>\n\t\t<div class=\"elementor-element elementor-element-84d537f e-con-full e-flex e-con e-child\" data-id=\"84d537f\" data-element_type=\"container\" data-e-type=\"container\">\n\t\t\t\t<div class=\"elementor-element elementor-element-80e3081 elementor-widget elementor-widget-image\" data-id=\"80e3081\" data-element_type=\"widget\" data-e-type=\"widget\" data-widget_type=\"image.default\">\n\t\t\t\t<div class=\"elementor-widget-container\">\n\t\t\t\t\t\t\t\t\t\t\t\t<figure class=\"wp-caption\">\n\t\t\t\t\t\t\t\t\t\t<img decoding=\"async\" width=\"768\" height=\"1024\" src=\"https:\/\/aux-porcelaines-de-sylvie.mvh-site.fr\/wp-content\/uploads\/2023\/03\/IMG_4532-768x1024.jpg\" class=\"attachment-large size-large wp-image-316\" alt=\"\" srcset=\"https:\/\/aux-porcelaines-de-sylvie.mvh-site.fr\/wp-content\/uploads\/2023\/03\/IMG_4532-768x1024.jpg 768w, https:\/\/aux-porcelaines-de-sylvie.mvh-site.fr\/wp-content\/uploads\/2023\/03\/IMG_4532-225x300.jpg 225w, https:\/\/aux-porcelaines-de-sylvie.mvh-site.fr\/wp-content\/uploads\/2023\/03\/IMG_4532-1152x1536.jpg 1152w, https:\/\/aux-porcelaines-de-sylvie.mvh-site.fr\/wp-content\/uploads\/2023\/03\/IMG_4532.jpg 1536w\" sizes=\"(max-width: 768px) 100vw, 768px\" \/>\t\t\t\t\t\t\t\t\t\t\t<figcaption class=\"widget-image-caption wp-caption-text\">Quel moment de douceur que de travailler ces animaux tout tendres...J'adore<\/figcaption>\n\t\t\t\t\t\t\t\t\t\t<\/figure>\n\t\t\t\t\t\t\t\t\t<\/div>\n\t\t\t\t<\/div>\n\t\t\t\t<\/div>\n\t\t<div class=\"elementor-element elementor-element-5aaeed1 e-con-full e-flex e-con e-child\" data-id=\"5aaeed1\" data-element_type=\"container\" data-e-type=\"container\">\n\t\t\t\t<div class=\"elementor-element elementor-element-accb9fc elementor-widget elementor-widget-image\" data-id=\"accb9fc\" data-element_type=\"widget\" data-e-type=\"widget\" data-widget_type=\"image.default\">\n\t\t\t\t<div class=\"elementor-widget-container\">\n\t\t\t\t\t\t\t\t\t\t\t\t<figure class=\"wp-caption\">\n\t\t\t\t\t\t\t\t\t\t<img decoding=\"async\" width=\"768\" height=\"1024\" src=\"https:\/\/aux-porcelaines-de-sylvie.mvh-site.fr\/wp-content\/uploads\/2023\/03\/IMG_4531-768x1024.jpg\" class=\"attachment-large size-large wp-image-315\" alt=\"\" srcset=\"https:\/\/aux-porcelaines-de-sylvie.mvh-site.fr\/wp-content\/uploads\/2023\/03\/IMG_4531-768x1024.jpg 768w, https:\/\/aux-porcelaines-de-sylvie.mvh-site.fr\/wp-content\/uploads\/2023\/03\/IMG_4531-225x300.jpg 225w, https:\/\/aux-porcelaines-de-sylvie.mvh-site.fr\/wp-content\/uploads\/2023\/03\/IMG_4531-1152x1536.jpg 1152w, https:\/\/aux-porcelaines-de-sylvie.mvh-site.fr\/wp-content\/uploads\/2023\/03\/IMG_4531.jpg 1536w\" sizes=\"(max-width: 768px) 100vw, 768px\" \/>\t\t\t\t\t\t\t\t\t\t\t<figcaption class=\"widget-image-caption wp-caption-text\">Cette fois-ci, c'est un petit renard qui vient se nicher dans les fleurs<\/figcaption>\n\t\t\t\t\t\t\t\t\t\t<\/figure>\n\t\t\t\t\t\t\t\t\t<\/div>\n\t\t\t\t<\/div>\n\t\t\t\t<\/div>\n\t\t\t\t\t<\/div>\n\t\t\t\t<\/div>\n\t\t<div class=\"elementor-element elementor-element-2f60707 e-flex e-con-boxed e-con e-parent\" data-id=\"2f60707\" data-element_type=\"container\" data-e-type=\"container\">\n\t\t\t\t\t<div class=\"e-con-inner\">\n\t\t\t\t<div class=\"elementor-element elementor-element-87f55b5 elementor-widget elementor-widget-heading\" data-id=\"87f55b5\" data-element_type=\"widget\" data-e-type=\"widget\" data-widget_type=\"heading.default\">\n\t\t\t\t<div class=\"elementor-widget-container\">\n\t\t\t\t\t<h2 class=\"elementor-heading-title elementor-size-default\">\"COLLAB COFFRET NAISSANCE\"\u00a0<\/h2>\t\t\t\t<\/div>\n\t\t\t\t<\/div>\n\t\t\t\t<div class=\"elementor-element elementor-element-e407880 elementor-widget elementor-widget-text-editor\" data-id=\"e407880\" data-element_type=\"widget\" data-e-type=\"widget\" data-widget_type=\"text-editor.default\">\n\t\t\t\t<div class=\"elementor-widget-container\">\n\t\t\t\t\t\t\t\t\t<p>J&rsquo;ai le plaisir de vous annoncer ma collaboration avec La petite julie !<\/p>\n<p><!-- \/wp:paragraph --><!-- wp:paragraph --><\/p>\n<p>En effet ,j&rsquo;ai rencontr\u00e9 une belle personne avec un c\u0153ur \u00e9norme et un savoir-faire soign\u00e9 et exemplaire :c&rsquo;est la petite julie !<br \/>J&rsquo;adore son travail !<\/p>\n<p><!-- \/wp:paragraph --><!-- wp:paragraph --><\/p>\n<p>L\u2019id\u00e9e est n\u00e9e de vous proposer une collaboration sous forme de coffret de naissance :\u00a0 un bavoir bandana cousu par les petites mains et le savoir-faire de Julie assorti \u00e0 une bo\u00eete \u00e0 dents peinte avec mes pigments sans plomb, le tout pr\u00e9sent\u00e9 dans un coffret pr\u00eat \u00e0 offrir.<br \/>Nous avons le plaisir de vous les\u00a0 pr\u00e9senter aujourd\u2019hui.\u00a0<\/p>\n<p><!-- \/wp:paragraph --><!-- wp:paragraph --><\/p>\n<p>Nos quatre coffrets naissance sont disponibles sur commande au prix de 33\u20ac.\u00a0<\/p>\n<p><!-- \/wp:paragraph --><!-- wp:paragraph --><\/p>\n<p>Alors vous pensez quoi de cette petite collaboration ? Vous offririez ce type de coffret ?\u00a0<\/p>\n<p><!-- \/wp:paragraph --><!-- wp:paragraph --><\/p>\n<p>#coffretnaissance #cadeaunaissance #cadeaubebe #bebe #artisanatfrancais #<\/p>\t\t\t\t\t\t\t\t<\/div>\n\t\t\t\t<\/div>\n\t\t\t\t\t<\/div>\n\t\t\t\t<\/div>\n\t\t<div class=\"elementor-element elementor-element-08d833a e-flex e-con-boxed e-con e-parent\" data-id=\"08d833a\" data-element_type=\"container\" data-e-type=\"container\">\n\t\t\t\t\t<div class=\"e-con-inner\">\n\t\t<div class=\"elementor-element elementor-element-21bf710 e-con-full e-flex e-con e-child\" data-id=\"21bf710\" data-element_type=\"container\" data-e-type=\"container\">\n\t\t\t\t<div class=\"elementor-element elementor-element-1940581 elementor-widget elementor-widget-image\" data-id=\"1940581\" data-element_type=\"widget\" data-e-type=\"widget\" data-widget_type=\"image.default\">\n\t\t\t\t<div class=\"elementor-widget-container\">\n\t\t\t\t\t\t\t\t\t\t\t\t\t\t\t<img loading=\"lazy\" decoding=\"async\" width=\"640\" height=\"640\" src=\"https:\/\/aux-porcelaines-de-sylvie.mvh-site.fr\/wp-content\/uploads\/2021\/10\/71525.jpg\" class=\"attachment-large size-large wp-image-234\" alt=\"\" srcset=\"https:\/\/aux-porcelaines-de-sylvie.mvh-site.fr\/wp-content\/uploads\/2021\/10\/71525.jpg 640w, https:\/\/aux-porcelaines-de-sylvie.mvh-site.fr\/wp-content\/uploads\/2021\/10\/71525-300x300.jpg 300w, https:\/\/aux-porcelaines-de-sylvie.mvh-site.fr\/wp-content\/uploads\/2021\/10\/71525-150x150.jpg 150w\" sizes=\"(max-width: 640px) 100vw, 640px\" \/>\t\t\t\t\t\t\t\t\t\t\t\t\t\t\t<\/div>\n\t\t\t\t<\/div>\n\t\t\t\t<\/div>\n\t\t<div class=\"elementor-element elementor-element-aa8dd69 e-con-full e-flex e-con e-child\" data-id=\"aa8dd69\" data-element_type=\"container\" data-e-type=\"container\">\n\t\t\t\t<div class=\"elementor-element elementor-element-9a93d66 elementor-widget elementor-widget-image\" data-id=\"9a93d66\" data-element_type=\"widget\" data-e-type=\"widget\" data-widget_type=\"image.default\">\n\t\t\t\t<div class=\"elementor-widget-container\">\n\t\t\t\t\t\t\t\t\t\t\t\t\t\t\t<img loading=\"lazy\" decoding=\"async\" width=\"480\" height=\"480\" src=\"https:\/\/aux-porcelaines-de-sylvie.mvh-site.fr\/wp-content\/uploads\/2021\/10\/8A515116-.jpg\" class=\"attachment-large size-large wp-image-233\" alt=\"\" srcset=\"https:\/\/aux-porcelaines-de-sylvie.mvh-site.fr\/wp-content\/uploads\/2021\/10\/8A515116-.jpg 480w, https:\/\/aux-porcelaines-de-sylvie.mvh-site.fr\/wp-content\/uploads\/2021\/10\/8A515116--300x300.jpg 300w, https:\/\/aux-porcelaines-de-sylvie.mvh-site.fr\/wp-content\/uploads\/2021\/10\/8A515116--150x150.jpg 150w\" sizes=\"(max-width: 480px) 100vw, 480px\" \/>\t\t\t\t\t\t\t\t\t\t\t\t\t\t\t<\/div>\n\t\t\t\t<\/div>\n\t\t\t\t<\/div>\n\t\t<div class=\"elementor-element elementor-element-fc14a83 e-con-full e-flex e-con e-child\" data-id=\"fc14a83\" data-element_type=\"container\" data-e-type=\"container\">\n\t\t\t\t<div class=\"elementor-element elementor-element-51400c0 elementor-widget elementor-widget-image\" data-id=\"51400c0\" data-element_type=\"widget\" data-e-type=\"widget\" data-widget_type=\"image.default\">\n\t\t\t\t<div class=\"elementor-widget-container\">\n\t\t\t\t\t\t\t\t\t\t\t\t\t\t\t<img loading=\"lazy\" decoding=\"async\" width=\"480\" height=\"480\" src=\"https:\/\/aux-porcelaines-de-sylvie.mvh-site.fr\/wp-content\/uploads\/2021\/10\/A9FFD4CC-.jpg\" class=\"attachment-large size-large wp-image-235\" alt=\"\" srcset=\"https:\/\/aux-porcelaines-de-sylvie.mvh-site.fr\/wp-content\/uploads\/2021\/10\/A9FFD4CC-.jpg 480w, https:\/\/aux-porcelaines-de-sylvie.mvh-site.fr\/wp-content\/uploads\/2021\/10\/A9FFD4CC--300x300.jpg 300w, https:\/\/aux-porcelaines-de-sylvie.mvh-site.fr\/wp-content\/uploads\/2021\/10\/A9FFD4CC--150x150.jpg 150w\" sizes=\"(max-width: 480px) 100vw, 480px\" \/>\t\t\t\t\t\t\t\t\t\t\t\t\t\t\t<\/div>\n\t\t\t\t<\/div>\n\t\t\t\t<\/div>\n\t\t<div class=\"elementor-element elementor-element-4b253c6 e-con-full e-flex e-con e-child\" data-id=\"4b253c6\" data-element_type=\"container\" data-e-type=\"container\">\n\t\t\t\t<div class=\"elementor-element elementor-element-7b3f69a elementor-widget elementor-widget-image\" data-id=\"7b3f69a\" data-element_type=\"widget\" data-e-type=\"widget\" data-widget_type=\"image.default\">\n\t\t\t\t<div class=\"elementor-widget-container\">\n\t\t\t\t\t\t\t\t\t\t\t\t\t\t\t<img loading=\"lazy\" decoding=\"async\" width=\"480\" height=\"480\" src=\"https:\/\/aux-porcelaines-de-sylvie.mvh-site.fr\/wp-content\/uploads\/2021\/10\/5EB9596F-.jpg\" class=\"attachment-large size-large wp-image-232\" alt=\"\" srcset=\"https:\/\/aux-porcelaines-de-sylvie.mvh-site.fr\/wp-content\/uploads\/2021\/10\/5EB9596F-.jpg 480w, https:\/\/aux-porcelaines-de-sylvie.mvh-site.fr\/wp-content\/uploads\/2021\/10\/5EB9596F--300x300.jpg 300w, https:\/\/aux-porcelaines-de-sylvie.mvh-site.fr\/wp-content\/uploads\/2021\/10\/5EB9596F--150x150.jpg 150w\" sizes=\"(max-width: 480px) 100vw, 480px\" \/>\t\t\t\t\t\t\t\t\t\t\t\t\t\t\t<\/div>\n\t\t\t\t<\/div>\n\t\t\t\t<\/div>\n\t\t\t\t\t<\/div>\n\t\t\t\t<\/div>\n\t\t\t\t<\/div>\n\t\t","protected":false},"excerpt":{"rendered":"<p>En cours de r\u00e9alisation Voici un travail en cours de r\u00e9alisation Quel moment de douceur que de travailler ces animaux tout tendres&#8230;J&rsquo;adore Cette fois-ci, c&rsquo;est un petit renard qui vient se nicher dans les fleurs \u00ab\u00a0COLLAB COFFRET NAISSANCE\u00a0\u00bb\u00a0 J&rsquo;ai le plaisir de vous annoncer ma collaboration avec La petite julie ! En effet ,j&rsquo;ai rencontr\u00e9 [&hellip;]<\/p>\n","protected":false},"author":1,"featured_media":0,"parent":0,"menu_order":0,"comment_status":"closed","ping_status":"closed","template":"","meta":{"site-sidebar-layout":"default","site-content-layout":"","ast-site-content-layout":"default","site-content-style":"default","site-sidebar-style":"default","ast-global-header-display":"","ast-banner-title-visibility":"","ast-main-header-display":"","ast-hfb-above-header-display":"","ast-hfb-below-header-display":"","ast-hfb-mobile-header-display":"","site-post-title":"","ast-breadcrumbs-content":"","ast-featured-img":"","footer-sml-layout":"","ast-disable-related-posts":"","theme-transparent-header-meta":"","adv-header-id-meta":"","stick-header-meta":"","header-above-stick-meta":"","header-main-stick-meta":"","header-below-stick-meta":"","astra-migrate-meta-layouts":"default","ast-page-background-enabled":"default","ast-page-background-meta":{"desktop":{"background-color":"var(--ast-global-color-4)","background-image":"","background-repeat":"repeat","background-position":"center center","background-size":"auto","background-attachment":"scroll","background-type":"","background-media":"","overlay-type":"","overlay-color":"","overlay-opacity":"","overlay-gradient":""},"tablet":{"background-color":"","background-image":"","background-repeat":"repeat","background-position":"center center","background-size":"auto","background-attachment":"scroll","background-type":"","background-media":"","overlay-type":"","overlay-color":"","overlay-opacity":"","overlay-gradient":""},"mobile":{"background-color":"","background-image":"","background-repeat":"repeat","background-position":"center center","background-size":"auto","background-attachment":"scroll","background-type":"","background-media":"","overlay-type":"","overlay-color":"","overlay-opacity":"","overlay-gradient":""}},"ast-content-background-meta":{"desktop":{"background-color":"var(--ast-global-color-5)","background-image":"","background-repeat":"repeat","background-position":"center center","background-size":"auto","background-attachment":"scroll","background-type":"","background-media":"","overlay-type":"","overlay-color":"","overlay-opacity":"","overlay-gradient":""},"tablet":{"background-color":"var(--ast-global-color-5)","background-image":"","background-repeat":"repeat","background-position":"center center","background-size":"auto","background-attachment":"scroll","background-type":"","background-media":"","overlay-type":"","overlay-color":"","overlay-opacity":"","overlay-gradient":""},"mobile":{"background-color":"var(--ast-global-color-5)","background-image":"","background-repeat":"repeat","background-position":"center center","background-size":"auto","background-attachment":"scroll","background-type":"","background-media":"","overlay-type":"","overlay-color":"","overlay-opacity":"","overlay-gradient":""}},"footnotes":""},"class_list":["post-236","page","type-page","status-publish","hentry"],"_links":{"self":[{"href":"https:\/\/aux-porcelaines-de-sylvie.mvh-site.fr\/index.php\/wp-json\/wp\/v2\/pages\/236","targetHints":{"allow":["GET"]}}],"collection":[{"href":"https:\/\/aux-porcelaines-de-sylvie.mvh-site.fr\/index.php\/wp-json\/wp\/v2\/pages"}],"about":[{"href":"https:\/\/aux-porcelaines-de-sylvie.mvh-site.fr\/index.php\/wp-json\/wp\/v2\/types\/page"}],"author":[{"embeddable":true,"href":"https:\/\/aux-porcelaines-de-sylvie.mvh-site.fr\/index.php\/wp-json\/wp\/v2\/users\/1"}],"replies":[{"embeddable":true,"href":"https:\/\/aux-porcelaines-de-sylvie.mvh-site.fr\/index.php\/wp-json\/wp\/v2\/comments?post=236"}],"version-history":[{"count":8,"href":"https:\/\/aux-porcelaines-de-sylvie.mvh-site.fr\/index.php\/wp-json\/wp\/v2\/pages\/236\/revisions"}],"predecessor-version":[{"id":598,"href":"https:\/\/aux-porcelaines-de-sylvie.mvh-site.fr\/index.php\/wp-json\/wp\/v2\/pages\/236\/revisions\/598"}],"wp:attachment":[{"href":"https:\/\/aux-porcelaines-de-sylvie.mvh-site.fr\/index.php\/wp-json\/wp\/v2\/media?parent=236"}],"curies":[{"name":"wp","href":"https:\/\/api.w.org\/{rel}","templated":true}]}}